{"id":69,"date":"2019-03-23T14:14:02","date_gmt":"2019-03-23T14:14:02","guid":{"rendered":"http:\/\/petercvik.art\/?post_type=ux-portfolio&#038;p=243"},"modified":"2024-05-13T23:23:38","modified_gmt":"2024-05-13T21:23:38","slug":"walk-with-me-thru-my-mind-exhibition-peter-cvik","status":"publish","type":"ux-portfolio","link":"https:\/\/petercvik.art\/?ux-portfolio=walk-with-me-thru-my-mind-exhibition-peter-cvik","title":{"rendered":"\u201cWalk with me thru my mind\u201d"},"content":{"rendered":"<div class=\"bm-builder clearfix \"><div id=\"\" class=\"module col-9 module-id-1715373471424 module-animation\" data-module-col=\"9\"><div class=\"module-inside text-inside\" style=\"--top-mod: 140px;--bottom-mod: 0px;--top-mod-t: 140px;--bottom-mod-t: 0px;--top-mod-m:90px;--bottom-mod-m:0px;\" ><div class=\"text_block_out\" data-animation=\"fadein\" data-effect=\"standard\" style=\"\"><div class=\"text_block ux-mod-nobg\"><div class=\"text_block_inn\"><div id=\"text-1715373471424\" class=\"text_block_centered text_block_centered_enable_width\"  style=\"\"><p>Solo exhibition in national industrial monument D\u016fl Michal<\/p><\/div><\/div><\/div><\/div><\/div><\/div><div id=\"\" class=\"module col-12 module-id-1715373471560\" data-module-col=\"12\"><div class=\"module-inside text-inside\" style=\"--top-mod: 0px;--bottom-mod: 20px;--top-mod-t: 0px;--bottom-mod-t: 20px;--top-mod-m:0px;--bottom-mod-m:20px;\" ><div class=\"text_block_out\"  data-effect=\"standard\" style=\"\"><div class=\"text_block ux-mod-nobg\"><div class=\"text_block_inn\"><div id=\"text-1715373471560\" class=\"text_block_centered text_block_centered_enable_width\"  style=\"\"><h1><span style=\"font-size: 36px;\">\u201cWalk with me thru my mind\u201d<\/span><\/h1><\/div><\/div><\/div><\/div><\/div><\/div><div id=\"\" class=\"module col-11 module-id-1715373471670 module-animation\" data-module-col=\"11\"><div class=\"module-inside text-inside\" style=\"--top-mod: 20px;--bottom-mod: 0px;--top-mod-t: 20px;--bottom-mod-t: 0px;--top-mod-m:20px;--bottom-mod-m:0px;\" ><div class=\"text_block_out\" data-animation=\"fadein\" data-effect=\"standard\" style=\"\"><div class=\"text_block ux-mod-nobg\"><div class=\"text_block_inn\"><div id=\"text-1715373471670\" class=\"text_block_centered text_block_centered_enable_width\"  style=\"\"><p style=\"padding: 0px; line-height: 1.4;\">Venue: NKP D\u016fl Michal, Ostrava, Czechia<br>Organiser: GDM Contemporary<br>Curator: V\u00e1clav Rodek<br>Duration: 14.10.2021 -14.11.2021<\/p><\/div><\/div><\/div><\/div><\/div><\/div><div id=\"\" class=\"module col-12 module-id-1715373471802\" data-module-col=\"12\"><div class=\"module-inside text-inside\" style=\"--top-mod: 0px;--bottom-mod: 0px;--top-mod-t: 0px;--bottom-mod-t: 0px;--top-mod-m:0px;--bottom-mod-m:0px;\" ><div class=\"text_block_out\"  data-effect=\"standard\" style=\"\"><div class=\"text_block ux-mod-nobg\"><div class=\"text_block_inn\"><div id=\"text-1715373471802\" class=\"text_block_centered text_block_centered_enable_width\"  style=\"\"><p><span style=\"font-size: 16px;\">Image Copyright: Juraj Fifik<\/span><\/p><\/div><\/div><\/div><\/div><\/div><\/div><\/div>","protected":false},"excerpt":{"rendered":"<p>Solo exhibition in national industrial monument D\u016fl Michal\u201cWalk with me &hellip;<\/p>\n","protected":false},"author":1,"featured_media":425,"comment_status":"closed","ping_status":"closed","template":"","meta":{"inline_featured_image":false},"ux-portfolio-cat":[31,8],"ux-portfolio-tag":[],"class_list":["post-69","ux-portfolio","type-ux-portfolio","status-publish","has-post-thumbnail","hentry","ux-portfolio-cat-exhibition05","ux-portfolio-cat-exhibitions-views"],"yoast_head":"<!-- This site is optimized with the Yoast SEO plugin v27.5 - https:\/\/yoast.com\/product\/yoast-seo-wordpress\/ -->\n<title>\u201cWalk with me thru my mind\u201d - petercvik.art<\/title>\n<meta name=\"description\" content=\"Solo exhibition in national industrial monument D\u016fl Michal, Venue: NKP D\u016fl Michal, Organiser: NKP D\u016fl MichalCurator: V\u00e1clav Rodek, Duration: 14.10.2021 -14.11.2021\" \/>\n<meta name=\"robots\" content=\"index, follow, max-snippet:-1, max-image-preview:large, max-video-preview:-1\" \/>\n<link rel=\"canonical\" href=\"https:\/\/petercvik.art\/?ux-portfolio=walk-with-me-thru-my-mind-exhibition-peter-cvik\" \/>\n<meta property=\"og:locale\" content=\"sk_SK\" \/>\n<meta property=\"og:type\" content=\"article\" \/>\n<meta property=\"og:title\" content=\"\u201cWalk with me thru my mind\u201d - petercvik.art\" \/>\n<meta property=\"og:description\" content=\"Solo exhibition in national industrial monument D\u016fl Michal, Venue: NKP D\u016fl Michal, Organiser: NKP D\u016fl MichalCurator: V\u00e1clav Rodek, Duration: 14.10.2021 -14.11.2021\" \/>\n<meta property=\"og:url\" content=\"https:\/\/petercvik.art\/?ux-portfolio=walk-with-me-thru-my-mind-exhibition-peter-cvik\" \/>\n<meta property=\"og:site_name\" content=\"petercvik.art\" \/>\n<meta property=\"article:modified_time\" content=\"2024-05-13T21:23:38+00:00\" \/>\n<meta property=\"og:image\" content=\"https:\/\/petercvik.art\/wp-content\/uploads\/2024\/05\/WWMTMM_jurajfifik4.jpg\" \/>\n\t<meta property=\"og:image:width\" content=\"1200\" \/>\n\t<meta property=\"og:image:height\" content=\"800\" \/>\n\t<meta property=\"og:image:type\" content=\"image\/jpeg\" \/>\n<meta name=\"twitter:card\" content=\"summary_large_image\" \/>\n<meta name=\"twitter:label1\" content=\"Predpokladan\u00fd \u010das \u010d\u00edtania\" \/>\n\t<meta name=\"twitter:data1\" content=\"1 min\u00fata\" \/>\n<script type=\"application\/ld+json\" class=\"yoast-schema-graph\">{\"@context\":\"https:\\\/\\\/schema.org\",\"@graph\":[{\"@type\":\"WebPage\",\"@id\":\"https:\\\/\\\/petercvik.art\\\/?ux-portfolio=walk-with-me-thru-my-mind-exhibition-peter-cvik\",\"url\":\"https:\\\/\\\/petercvik.art\\\/?ux-portfolio=walk-with-me-thru-my-mind-exhibition-peter-cvik\",\"name\":\"\u201cWalk with me thru my mind\u201d - petercvik.art\",\"isPartOf\":{\"@id\":\"https:\\\/\\\/petercvik.art\\\/#website\"},\"primaryImageOfPage\":{\"@id\":\"https:\\\/\\\/petercvik.art\\\/?ux-portfolio=walk-with-me-thru-my-mind-exhibition-peter-cvik#primaryimage\"},\"image\":{\"@id\":\"https:\\\/\\\/petercvik.art\\\/?ux-portfolio=walk-with-me-thru-my-mind-exhibition-peter-cvik#primaryimage\"},\"thumbnailUrl\":\"https:\\\/\\\/petercvik.art\\\/wp-content\\\/uploads\\\/2024\\\/05\\\/WWMTMM_jurajfifik4.jpg\",\"datePublished\":\"2019-03-23T14:14:02+00:00\",\"dateModified\":\"2024-05-13T21:23:38+00:00\",\"description\":\"Solo exhibition in national industrial monument D\u016fl Michal, Venue: NKP D\u016fl Michal, Organiser: NKP D\u016fl MichalCurator: V\u00e1clav Rodek, Duration: 14.10.2021 -14.11.2021\",\"breadcrumb\":{\"@id\":\"https:\\\/\\\/petercvik.art\\\/?ux-portfolio=walk-with-me-thru-my-mind-exhibition-peter-cvik#breadcrumb\"},\"inLanguage\":\"sk-SK\",\"potentialAction\":[{\"@type\":\"ReadAction\",\"target\":[\"https:\\\/\\\/petercvik.art\\\/?ux-portfolio=walk-with-me-thru-my-mind-exhibition-peter-cvik\"]}]},{\"@type\":\"ImageObject\",\"inLanguage\":\"sk-SK\",\"@id\":\"https:\\\/\\\/petercvik.art\\\/?ux-portfolio=walk-with-me-thru-my-mind-exhibition-peter-cvik#primaryimage\",\"url\":\"https:\\\/\\\/petercvik.art\\\/wp-content\\\/uploads\\\/2024\\\/05\\\/WWMTMM_jurajfifik4.jpg\",\"contentUrl\":\"https:\\\/\\\/petercvik.art\\\/wp-content\\\/uploads\\\/2024\\\/05\\\/WWMTMM_jurajfifik4.jpg\",\"width\":1200,\"height\":800},{\"@type\":\"BreadcrumbList\",\"@id\":\"https:\\\/\\\/petercvik.art\\\/?ux-portfolio=walk-with-me-thru-my-mind-exhibition-peter-cvik#breadcrumb\",\"itemListElement\":[{\"@type\":\"ListItem\",\"position\":1,\"name\":\"Home\",\"item\":\"https:\\\/\\\/petercvik.art\\\/\"},{\"@type\":\"ListItem\",\"position\":2,\"name\":\"Portfolio\",\"item\":\"https:\\\/\\\/petercvik.art\\\/?post_type=ux-portfolio\"},{\"@type\":\"ListItem\",\"position\":3,\"name\":\"\u201cWalk with me thru my mind\u201d\"}]},{\"@type\":\"WebSite\",\"@id\":\"https:\\\/\\\/petercvik.art\\\/#website\",\"url\":\"https:\\\/\\\/petercvik.art\\\/\",\"name\":\"petercvik.art\",\"description\":\"My aim is to evoke feelings and interpretations of your own experiences.\",\"potentialAction\":[{\"@type\":\"SearchAction\",\"target\":{\"@type\":\"EntryPoint\",\"urlTemplate\":\"https:\\\/\\\/petercvik.art\\\/?s={search_term_string}\"},\"query-input\":{\"@type\":\"PropertyValueSpecification\",\"valueRequired\":true,\"valueName\":\"search_term_string\"}}],\"inLanguage\":\"sk-SK\"}]}<\/script>\n<!-- \/ Yoast SEO plugin. -->","yoast_head_json":{"title":"\u201cWalk with me thru my mind\u201d - petercvik.art","description":"Solo exhibition in national industrial monument D\u016fl Michal, Venue: NKP D\u016fl Michal, Organiser: NKP D\u016fl MichalCurator: V\u00e1clav Rodek, Duration: 14.10.2021 -14.11.2021","robots":{"index":"index","follow":"follow","max-snippet":"max-snippet:-1","max-image-preview":"max-image-preview:large","max-video-preview":"max-video-preview:-1"},"canonical":"https:\/\/petercvik.art\/?ux-portfolio=walk-with-me-thru-my-mind-exhibition-peter-cvik","og_locale":"sk_SK","og_type":"article","og_title":"\u201cWalk with me thru my mind\u201d - petercvik.art","og_description":"Solo exhibition in national industrial monument D\u016fl Michal, Venue: NKP D\u016fl Michal, Organiser: NKP D\u016fl MichalCurator: V\u00e1clav Rodek, Duration: 14.10.2021 -14.11.2021","og_url":"https:\/\/petercvik.art\/?ux-portfolio=walk-with-me-thru-my-mind-exhibition-peter-cvik","og_site_name":"petercvik.art","article_modified_time":"2024-05-13T21:23:38+00:00","og_image":[{"width":1200,"height":800,"url":"https:\/\/petercvik.art\/wp-content\/uploads\/2024\/05\/WWMTMM_jurajfifik4.jpg","type":"image\/jpeg"}],"twitter_card":"summary_large_image","twitter_misc":{"Predpokladan\u00fd \u010das \u010d\u00edtania":"1 min\u00fata"},"schema":{"@context":"https:\/\/schema.org","@graph":[{"@type":"WebPage","@id":"https:\/\/petercvik.art\/?ux-portfolio=walk-with-me-thru-my-mind-exhibition-peter-cvik","url":"https:\/\/petercvik.art\/?ux-portfolio=walk-with-me-thru-my-mind-exhibition-peter-cvik","name":"\u201cWalk with me thru my mind\u201d - petercvik.art","isPartOf":{"@id":"https:\/\/petercvik.art\/#website"},"primaryImageOfPage":{"@id":"https:\/\/petercvik.art\/?ux-portfolio=walk-with-me-thru-my-mind-exhibition-peter-cvik#primaryimage"},"image":{"@id":"https:\/\/petercvik.art\/?ux-portfolio=walk-with-me-thru-my-mind-exhibition-peter-cvik#primaryimage"},"thumbnailUrl":"https:\/\/petercvik.art\/wp-content\/uploads\/2024\/05\/WWMTMM_jurajfifik4.jpg","datePublished":"2019-03-23T14:14:02+00:00","dateModified":"2024-05-13T21:23:38+00:00","description":"Solo exhibition in national industrial monument D\u016fl Michal, Venue: NKP D\u016fl Michal, Organiser: NKP D\u016fl MichalCurator: V\u00e1clav Rodek, Duration: 14.10.2021 -14.11.2021","breadcrumb":{"@id":"https:\/\/petercvik.art\/?ux-portfolio=walk-with-me-thru-my-mind-exhibition-peter-cvik#breadcrumb"},"inLanguage":"sk-SK","potentialAction":[{"@type":"ReadAction","target":["https:\/\/petercvik.art\/?ux-portfolio=walk-with-me-thru-my-mind-exhibition-peter-cvik"]}]},{"@type":"ImageObject","inLanguage":"sk-SK","@id":"https:\/\/petercvik.art\/?ux-portfolio=walk-with-me-thru-my-mind-exhibition-peter-cvik#primaryimage","url":"https:\/\/petercvik.art\/wp-content\/uploads\/2024\/05\/WWMTMM_jurajfifik4.jpg","contentUrl":"https:\/\/petercvik.art\/wp-content\/uploads\/2024\/05\/WWMTMM_jurajfifik4.jpg","width":1200,"height":800},{"@type":"BreadcrumbList","@id":"https:\/\/petercvik.art\/?ux-portfolio=walk-with-me-thru-my-mind-exhibition-peter-cvik#breadcrumb","itemListElement":[{"@type":"ListItem","position":1,"name":"Home","item":"https:\/\/petercvik.art\/"},{"@type":"ListItem","position":2,"name":"Portfolio","item":"https:\/\/petercvik.art\/?post_type=ux-portfolio"},{"@type":"ListItem","position":3,"name":"\u201cWalk with me thru my mind\u201d"}]},{"@type":"WebSite","@id":"https:\/\/petercvik.art\/#website","url":"https:\/\/petercvik.art\/","name":"petercvik.art","description":"My aim is to evoke feelings and interpretations of your own experiences.","potentialAction":[{"@type":"SearchAction","target":{"@type":"EntryPoint","urlTemplate":"https:\/\/petercvik.art\/?s={search_term_string}"},"query-input":{"@type":"PropertyValueSpecification","valueRequired":true,"valueName":"search_term_string"}}],"inLanguage":"sk-SK"}]}},"_links":{"self":[{"href":"https:\/\/petercvik.art\/index.php?rest_route=\/wp\/v2\/ux-portfolio\/69","targetHints":{"allow":["GET"]}}],"collection":[{"href":"https:\/\/petercvik.art\/index.php?rest_route=\/wp\/v2\/ux-portfolio"}],"about":[{"href":"https:\/\/petercvik.art\/index.php?rest_route=\/wp\/v2\/types\/ux-portfolio"}],"author":[{"embeddable":true,"href":"https:\/\/petercvik.art\/index.php?rest_route=\/wp\/v2\/users\/1"}],"replies":[{"embeddable":true,"href":"https:\/\/petercvik.art\/index.php?rest_route=%2Fwp%2Fv2%2Fcomments&post=69"}],"wp:featuredmedia":[{"embeddable":true,"href":"https:\/\/petercvik.art\/index.php?rest_route=\/wp\/v2\/media\/425"}],"wp:attachment":[{"href":"https:\/\/petercvik.art\/index.php?rest_route=%2Fwp%2Fv2%2Fmedia&parent=69"}],"wp:term":[{"taxonomy":"ux-portfolio-cat","embeddable":true,"href":"https:\/\/petercvik.art\/index.php?rest_route=%2Fwp%2Fv2%2Fux-portfolio-cat&post=69"},{"taxonomy":"ux-portfolio-tag","embeddable":true,"href":"https:\/\/petercvik.art\/index.php?rest_route=%2Fwp%2Fv2%2Fux-portfolio-tag&post=69"}],"curies":[{"name":"wp","href":"https:\/\/api.w.org\/{rel}","templated":true}]}}

<div class="bm-builder clearfix "><div id="" class="module col-9 module-id-1715373471424 module-animation" data-module-col="9"><div class="module-inside text-inside" style="--top-mod: 140px;--bottom-mod: 0px;--top-mod-t: 140px;--bottom-mod-t: 0px;--top-mod-m:90px;--bottom-mod-m:0px;" ><div class="text_block_out" data-animation="fadein" data-effect="standard" style=""><div class="text_block ux-mod-nobg"><div class="text_block_inn"><div id="text-1715373471424" class="text_block_centered text_block_centered_enable_width"  style=""><p>Solo exhibition in national industrial monument Důl Michal</p></div></div></div></div></div></div><div id="" class="module col-12 module-id-1715373471560" data-module-col="12"><div class="module-inside text-inside" style="--top-mod: 0px;--bottom-mod: 20px;--top-mod-t: 0px;--bottom-mod-t: 20px;--top-mod-m:0px;--bottom-mod-m:20px;" ><div class="text_block_out"  data-effect="standard" style=""><div class="text_block ux-mod-nobg"><div class="text_block_inn"><div id="text-1715373471560" class="text_block_centered text_block_centered_enable_width"  style=""><h1><span style="font-size: 36px;">“Walk with me thru my mind”</span></h1></div></div></div></div></div></div><div id="" class="module col-11 module-id-1715373471670 module-animation" data-module-col="11"><div class="module-inside text-inside" style="--top-mod: 20px;--bottom-mod: 0px;--top-mod-t: 20px;--bottom-mod-t: 0px;--top-mod-m:20px;--bottom-mod-m:0px;" ><div class="text_block_out" data-animation="fadein" data-effect="standard" style=""><div class="text_block ux-mod-nobg"><div class="text_block_inn"><div id="text-1715373471670" class="text_block_centered text_block_centered_enable_width"  style=""><p style="padding: 0px; line-height: 1.4;">Venue: NKP Důl Michal, Ostrava, Czechia<br>Organiser: GDM Contemporary<br>Curator: Václav Rodek<br>Duration: 14.10.2021 -14.11.2021</p></div></div></div></div></div></div><div id="" class="module col-12 module-id-1715373471802" data-module-col="12"><div class="module-inside text-inside" style="--top-mod: 0px;--bottom-mod: 0px;--top-mod-t: 0px;--bottom-mod-t: 0px;--top-mod-m:0px;--bottom-mod-m:0px;" ><div class="text_block_out"  data-effect="standard" style=""><div class="text_block ux-mod-nobg"><div class="text_block_inn"><div id="text-1715373471802" class="text_block_centered text_block_centered_enable_width"  style=""><p><span style="font-size: 16px;">Image Copyright: Juraj Fifik</span></p></div></div></div></div></div></div></div>

<p>Solo exhibition in national industrial monument Důl Michal“Walk with me &hellip;</p>

<!-- This site is optimized with the Yoast SEO plugin v27.5 - https://yoast.com/product/yoast-seo-wordpress/ -->
<title>“Walk with me thru my mind” - petercvik.art</title>
<meta name="description" content="Solo exhibition in national industrial monument Důl Michal, Venue: NKP Důl Michal, Organiser: NKP Důl MichalCurator: Václav Rodek, Duration: 14.10.2021 -14.11.2021" />
<meta name="robots" content="index, follow, max-snippet:-1, max-image-preview:large, max-video-preview:-1" />
<link rel="canonical" href="https://petercvik.art/?ux-portfolio=walk-with-me-thru-my-mind-exhibition-peter-cvik" />
<meta property="og:locale" content="sk_SK" />
<meta property="og:type" content="article" />
<meta property="og:title" content="“Walk with me thru my mind” - petercvik.art" />
<meta property="og:description" content="Solo exhibition in national industrial monument Důl Michal, Venue: NKP Důl Michal, Organiser: NKP Důl MichalCurator: Václav Rodek, Duration: 14.10.2021 -14.11.2021" />
<meta property="og:url" content="https://petercvik.art/?ux-portfolio=walk-with-me-thru-my-mind-exhibition-peter-cvik" />
<meta property="og:site_name" content="petercvik.art" />
<meta property="article:modified_time" content="2024-05-13T21:23:38+00:00" />
<meta property="og:image" content="https://petercvik.art/wp-content/uploads/2024/05/WWMTMM_jurajfifik4.jpg" />
	<meta property="og:image:width" content="1200" />
	<meta property="og:image:height" content="800" />
	<meta property="og:image:type" content="image/jpeg" />
<meta name="twitter:card" content="summary_large_image" />
<meta name="twitter:label1" content="Predpokladaný čas čítania" />
	<meta name="twitter:data1" content="1 minúta" />
<script type="application/ld+json" class="yoast-schema-graph">{"@context":"https:\/\/schema.org","@graph":[{"@type":"WebPage","@id":"https:\/\/petercvik.art\/?ux-portfolio=walk-with-me-thru-my-mind-exhibition-peter-cvik","url":"https:\/\/petercvik.art\/?ux-portfolio=walk-with-me-thru-my-mind-exhibition-peter-cvik","name":"“Walk with me thru my mind” - petercvik.art","isPartOf":{"@id":"https:\/\/petercvik.art\/#website"},"primaryImageOfPage":{"@id":"https:\/\/petercvik.art\/?ux-portfolio=walk-with-me-thru-my-mind-exhibition-peter-cvik#primaryimage"},"image":{"@id":"https:\/\/petercvik.art\/?ux-portfolio=walk-with-me-thru-my-mind-exhibition-peter-cvik#primaryimage"},"thumbnailUrl":"https:\/\/petercvik.art\/wp-content\/uploads\/2024\/05\/WWMTMM_jurajfifik4.jpg","datePublished":"2019-03-23T14:14:02+00:00","dateModified":"2024-05-13T21:23:38+00:00","description":"Solo exhibition in national industrial monument Důl Michal, Venue: NKP Důl Michal, Organiser: NKP Důl MichalCurator: Václav Rodek, Duration: 14.10.2021 -14.11.2021","breadcrumb":{"@id":"https:\/\/petercvik.art\/?ux-portfolio=walk-with-me-thru-my-mind-exhibition-peter-cvik#breadcrumb"},"inLanguage":"sk-SK","potentialAction":[{"@type":"ReadAction","target":["https:\/\/petercvik.art\/?ux-portfolio=walk-with-me-thru-my-mind-exhibition-peter-cvik"]}]},{"@type":"ImageObject","inLanguage":"sk-SK","@id":"https:\/\/petercvik.art\/?ux-portfolio=walk-with-me-thru-my-mind-exhibition-peter-cvik#primaryimage","url":"https:\/\/petercvik.art\/wp-content\/uploads\/2024\/05\/WWMTMM_jurajfifik4.jpg","contentUrl":"https:\/\/petercvik.art\/wp-content\/uploads\/2024\/05\/WWMTMM_jurajfifik4.jpg","width":1200,"height":800},{"@type":"BreadcrumbList","@id":"https:\/\/petercvik.art\/?ux-portfolio=walk-with-me-thru-my-mind-exhibition-peter-cvik#breadcrumb","itemListElement":[{"@type":"ListItem","position":1,"name":"Home","item":"https:\/\/petercvik.art\/"},{"@type":"ListItem","position":2,"name":"Portfolio","item":"https:\/\/petercvik.art\/?post_type=ux-portfolio"},{"@type":"ListItem","position":3,"name":"“Walk with me thru my mind”"}]},{"@type":"WebSite","@id":"https:\/\/petercvik.art\/#website","url":"https:\/\/petercvik.art\/","name":"petercvik.art","description":"My aim is to evoke feelings and interpretations of your own experiences.","potentialAction":[{"@type":"SearchAction","target":{"@type":"EntryPoint","urlTemplate":"https:\/\/petercvik.art\/?s={search_term_string}"},"query-input":{"@type":"PropertyValueSpecification","valueRequired":true,"valueName":"search_term_string"}}],"inLanguage":"sk-SK"}]}</script>
<!-- / Yoast SEO plugin. -->

Solo exhibition in national industrial monument Důl Michal, Venue: NKP Důl Michal, Organiser: NKP Důl MichalCurator: Václav Rodek, Duration: 14.10.2021 -14.11.2021

1 minúta
