{"id":1128,"date":"2025-07-28T15:22:05","date_gmt":"2025-07-28T13:22:05","guid":{"rendered":"https:\/\/petercvik.art\/?post_type=ux-portfolio&#038;p=1128"},"modified":"2025-07-29T10:21:01","modified_gmt":"2025-07-29T08:21:01","slug":"architecture-of-knowledge","status":"publish","type":"ux-portfolio","link":"https:\/\/petercvik.art\/?ux-portfolio=architecture-of-knowledge","title":{"rendered":"&#8222;Architecture of Knowledge&#8220;"},"content":{"rendered":"<div class=\"bm-builder clearfix \"><div id=\"\" class=\"module col-9 module-id-1753709169330 module-animation\" data-module-col=\"9\"><div class=\"module-inside text-inside\" style=\"--top-mod: 140px;--bottom-mod: 0px;--top-mod-t: 140px;--bottom-mod-t: 0px;--top-mod-m:90px;--bottom-mod-m:0px;\" ><div class=\"text_block_out\" data-animation=\"fadein\" data-effect=\"standard\" style=\"\"><div class=\"text_block ux-mod-nobg\"><div class=\"text_block_inn\"><div id=\"text-1753709169330\" class=\"text_block_centered text_block_centered_enable_width\"  style=\"\"><div>\n<div id=\"m_-8602795665787189881gmail-\">\n<div>\n<div>\n<div>\n<div>\n<div id=\"m_-8602795665787189881gmail-text-1728908553528\">\n<p>Solo exhibition in Steinhauser Gallery.<\/p>\n<\/div>\n<\/div>\n<\/div>\n<\/div>\n<\/div>\n<\/div>\n<\/div><\/div><\/div><\/div><\/div><\/div><\/div><div id=\"\" class=\"module col-12 module-id-1753709169405\" data-module-col=\"12\"><div class=\"module-inside text-inside\" style=\"--top-mod: 0px;--bottom-mod: 20px;--top-mod-t: 0px;--bottom-mod-t: 20px;--top-mod-m:0px;--bottom-mod-m:20px;\" ><div class=\"text_block_out\"  data-effect=\"standard\" style=\"\"><div class=\"text_block ux-mod-nobg\"><div class=\"text_block_inn\"><div id=\"text-1753709169405\" class=\"text_block_centered text_block_centered_enable_width\"  style=\"\"><h1><span style=\"font-size: 36px;\">\u201eArchitecture of knowledge\u201c<\/span><\/h1><\/div><\/div><\/div><\/div><\/div><\/div><div id=\"\" class=\"module col-11 module-id-1753709169485 module-animation\" data-module-col=\"11\"><div class=\"module-inside text-inside\" style=\"--top-mod: 20px;--bottom-mod: 0px;--top-mod-t: 20px;--bottom-mod-t: 0px;--top-mod-m:20px;--bottom-mod-m:0px;\" ><div class=\"text_block_out\" data-animation=\"fadein\" data-effect=\"standard\" style=\"\"><div class=\"text_block ux-mod-nobg\"><div class=\"text_block_inn\"><div id=\"text-1753709169485\" class=\"text_block_centered text_block_centered_enable_width\"  style=\"\"><p style=\"padding: 0px; line-height: 1.4;\">Venue: Steinhauser Gallery, Bratislava, Slovakia<br>Organiser: Steinhauser Gallery<br>Curator: J\u00e1n Kudrna<br>Duration: 7.2.2025 \u2013 29.3.2025<\/p><\/div><\/div><\/div><\/div><\/div><\/div><div id=\"\" class=\"module col-12 module-id-1753709169560\" data-module-col=\"12\"><div class=\"module-inside text-inside\" style=\"--top-mod: 0px;--bottom-mod: 0px;--top-mod-t: 0px;--bottom-mod-t: 0px;--top-mod-m:0px;--bottom-mod-m:0px;\" ><div class=\"text_block_out\"  data-effect=\"standard\" style=\"\"><div class=\"text_block ux-mod-nobg\"><div class=\"text_block_inn\"><div id=\"text-1753709169560\" class=\"text_block_centered text_block_centered_enable_width\"  style=\"\"><p><span style=\"font-size: 16px;\">Image Copyright: Adam \u0160akov\u00fd<\/span><\/p><\/div><\/div><\/div><\/div><\/div><\/div><\/div>","protected":false},"excerpt":{"rendered":"<p>Solo exhibition in Steinhauser Gallery. \u201eArchitecture of knowledge\u201cVenue: Steinhauser Gallery, &hellip;<\/p>\n","protected":false},"author":1,"featured_media":1134,"comment_status":"closed","ping_status":"closed","template":"","meta":{"inline_featured_image":false},"ux-portfolio-cat":[8],"ux-portfolio-tag":[35,45,34,39,37,38],"class_list":["post-1128","ux-portfolio","type-ux-portfolio","status-publish","has-post-thumbnail","hentry","ux-portfolio-cat-exhibitions-views","ux-portfolio-tag-art","ux-portfolio-tag-bratislava","ux-portfolio-tag-contemporary","ux-portfolio-tag-exhibition","ux-portfolio-tag-gallery","ux-portfolio-tag-paintings"],"yoast_head":"<!-- This site is optimized with the Yoast SEO plugin v27.5 - https:\/\/yoast.com\/product\/yoast-seo-wordpress\/ -->\n<title>&quot;Architecture of Knowledge&quot; - petercvik.art<\/title>\n<meta name=\"robots\" content=\"index, follow, max-snippet:-1, max-image-preview:large, max-video-preview:-1\" \/>\n<link rel=\"canonical\" href=\"https:\/\/petercvik.art\/?ux-portfolio=architecture-of-knowledge\" \/>\n<meta property=\"og:locale\" content=\"sk_SK\" \/>\n<meta property=\"og:type\" content=\"article\" \/>\n<meta property=\"og:title\" content=\"&quot;Architecture of Knowledge&quot; - petercvik.art\" \/>\n<meta property=\"og:description\" content=\"Solo exhibition in Steinhauser Gallery. \u201eArchitecture of knowledge\u201cVenue: Steinhauser Gallery, &hellip;\" \/>\n<meta property=\"og:url\" content=\"https:\/\/petercvik.art\/?ux-portfolio=architecture-of-knowledge\" \/>\n<meta property=\"og:site_name\" content=\"petercvik.art\" \/>\n<meta property=\"article:modified_time\" content=\"2025-07-29T08:21:01+00:00\" \/>\n<meta property=\"og:image\" content=\"https:\/\/petercvik.art\/wp-content\/uploads\/2025\/07\/DSC7994w.jpg\" \/>\n\t<meta property=\"og:image:width\" content=\"2477\" \/>\n\t<meta property=\"og:image:height\" content=\"1651\" \/>\n\t<meta property=\"og:image:type\" content=\"image\/jpeg\" \/>\n<meta name=\"twitter:card\" content=\"summary_large_image\" \/>\n<meta name=\"twitter:label1\" content=\"Predpokladan\u00fd \u010das \u010d\u00edtania\" \/>\n\t<meta name=\"twitter:data1\" content=\"1 min\u00fata\" \/>\n<script type=\"application\/ld+json\" class=\"yoast-schema-graph\">{\"@context\":\"https:\\\/\\\/schema.org\",\"@graph\":[{\"@type\":\"WebPage\",\"@id\":\"https:\\\/\\\/petercvik.art\\\/?ux-portfolio=architecture-of-knowledge\",\"url\":\"https:\\\/\\\/petercvik.art\\\/?ux-portfolio=architecture-of-knowledge\",\"name\":\"\\\"Architecture of Knowledge\\\" - petercvik.art\",\"isPartOf\":{\"@id\":\"https:\\\/\\\/petercvik.art\\\/#website\"},\"primaryImageOfPage\":{\"@id\":\"https:\\\/\\\/petercvik.art\\\/?ux-portfolio=architecture-of-knowledge#primaryimage\"},\"image\":{\"@id\":\"https:\\\/\\\/petercvik.art\\\/?ux-portfolio=architecture-of-knowledge#primaryimage\"},\"thumbnailUrl\":\"https:\\\/\\\/petercvik.art\\\/wp-content\\\/uploads\\\/2025\\\/07\\\/DSC7994w.jpg\",\"datePublished\":\"2025-07-28T13:22:05+00:00\",\"dateModified\":\"2025-07-29T08:21:01+00:00\",\"breadcrumb\":{\"@id\":\"https:\\\/\\\/petercvik.art\\\/?ux-portfolio=architecture-of-knowledge#breadcrumb\"},\"inLanguage\":\"sk-SK\",\"potentialAction\":[{\"@type\":\"ReadAction\",\"target\":[\"https:\\\/\\\/petercvik.art\\\/?ux-portfolio=architecture-of-knowledge\"]}]},{\"@type\":\"ImageObject\",\"inLanguage\":\"sk-SK\",\"@id\":\"https:\\\/\\\/petercvik.art\\\/?ux-portfolio=architecture-of-knowledge#primaryimage\",\"url\":\"https:\\\/\\\/petercvik.art\\\/wp-content\\\/uploads\\\/2025\\\/07\\\/DSC7994w.jpg\",\"contentUrl\":\"https:\\\/\\\/petercvik.art\\\/wp-content\\\/uploads\\\/2025\\\/07\\\/DSC7994w.jpg\",\"width\":2477,\"height\":1651},{\"@type\":\"BreadcrumbList\",\"@id\":\"https:\\\/\\\/petercvik.art\\\/?ux-portfolio=architecture-of-knowledge#breadcrumb\",\"itemListElement\":[{\"@type\":\"ListItem\",\"position\":1,\"name\":\"Home\",\"item\":\"https:\\\/\\\/petercvik.art\\\/\"},{\"@type\":\"ListItem\",\"position\":2,\"name\":\"Portfolio\",\"item\":\"https:\\\/\\\/petercvik.art\\\/?post_type=ux-portfolio\"},{\"@type\":\"ListItem\",\"position\":3,\"name\":\"&#8222;Architecture of Knowledge&#8220;\"}]},{\"@type\":\"WebSite\",\"@id\":\"https:\\\/\\\/petercvik.art\\\/#website\",\"url\":\"https:\\\/\\\/petercvik.art\\\/\",\"name\":\"petercvik.art\",\"description\":\"My aim is to evoke feelings and interpretations of your own experiences.\",\"potentialAction\":[{\"@type\":\"SearchAction\",\"target\":{\"@type\":\"EntryPoint\",\"urlTemplate\":\"https:\\\/\\\/petercvik.art\\\/?s={search_term_string}\"},\"query-input\":{\"@type\":\"PropertyValueSpecification\",\"valueRequired\":true,\"valueName\":\"search_term_string\"}}],\"inLanguage\":\"sk-SK\"}]}<\/script>\n<!-- \/ Yoast SEO plugin. -->","yoast_head_json":{"title":"\"Architecture of Knowledge\" - petercvik.art","robots":{"index":"index","follow":"follow","max-snippet":"max-snippet:-1","max-image-preview":"max-image-preview:large","max-video-preview":"max-video-preview:-1"},"canonical":"https:\/\/petercvik.art\/?ux-portfolio=architecture-of-knowledge","og_locale":"sk_SK","og_type":"article","og_title":"\"Architecture of Knowledge\" - petercvik.art","og_description":"Solo exhibition in Steinhauser Gallery. \u201eArchitecture of knowledge\u201cVenue: Steinhauser Gallery, &hellip;","og_url":"https:\/\/petercvik.art\/?ux-portfolio=architecture-of-knowledge","og_site_name":"petercvik.art","article_modified_time":"2025-07-29T08:21:01+00:00","og_image":[{"width":2477,"height":1651,"url":"https:\/\/petercvik.art\/wp-content\/uploads\/2025\/07\/DSC7994w.jpg","type":"image\/jpeg"}],"twitter_card":"summary_large_image","twitter_misc":{"Predpokladan\u00fd \u010das \u010d\u00edtania":"1 min\u00fata"},"schema":{"@context":"https:\/\/schema.org","@graph":[{"@type":"WebPage","@id":"https:\/\/petercvik.art\/?ux-portfolio=architecture-of-knowledge","url":"https:\/\/petercvik.art\/?ux-portfolio=architecture-of-knowledge","name":"\"Architecture of Knowledge\" - petercvik.art","isPartOf":{"@id":"https:\/\/petercvik.art\/#website"},"primaryImageOfPage":{"@id":"https:\/\/petercvik.art\/?ux-portfolio=architecture-of-knowledge#primaryimage"},"image":{"@id":"https:\/\/petercvik.art\/?ux-portfolio=architecture-of-knowledge#primaryimage"},"thumbnailUrl":"https:\/\/petercvik.art\/wp-content\/uploads\/2025\/07\/DSC7994w.jpg","datePublished":"2025-07-28T13:22:05+00:00","dateModified":"2025-07-29T08:21:01+00:00","breadcrumb":{"@id":"https:\/\/petercvik.art\/?ux-portfolio=architecture-of-knowledge#breadcrumb"},"inLanguage":"sk-SK","potentialAction":[{"@type":"ReadAction","target":["https:\/\/petercvik.art\/?ux-portfolio=architecture-of-knowledge"]}]},{"@type":"ImageObject","inLanguage":"sk-SK","@id":"https:\/\/petercvik.art\/?ux-portfolio=architecture-of-knowledge#primaryimage","url":"https:\/\/petercvik.art\/wp-content\/uploads\/2025\/07\/DSC7994w.jpg","contentUrl":"https:\/\/petercvik.art\/wp-content\/uploads\/2025\/07\/DSC7994w.jpg","width":2477,"height":1651},{"@type":"BreadcrumbList","@id":"https:\/\/petercvik.art\/?ux-portfolio=architecture-of-knowledge#breadcrumb","itemListElement":[{"@type":"ListItem","position":1,"name":"Home","item":"https:\/\/petercvik.art\/"},{"@type":"ListItem","position":2,"name":"Portfolio","item":"https:\/\/petercvik.art\/?post_type=ux-portfolio"},{"@type":"ListItem","position":3,"name":"&#8222;Architecture of Knowledge&#8220;"}]},{"@type":"WebSite","@id":"https:\/\/petercvik.art\/#website","url":"https:\/\/petercvik.art\/","name":"petercvik.art","description":"My aim is to evoke feelings and interpretations of your own experiences.","potentialAction":[{"@type":"SearchAction","target":{"@type":"EntryPoint","urlTemplate":"https:\/\/petercvik.art\/?s={search_term_string}"},"query-input":{"@type":"PropertyValueSpecification","valueRequired":true,"valueName":"search_term_string"}}],"inLanguage":"sk-SK"}]}},"_links":{"self":[{"href":"https:\/\/petercvik.art\/index.php?rest_route=\/wp\/v2\/ux-portfolio\/1128","targetHints":{"allow":["GET"]}}],"collection":[{"href":"https:\/\/petercvik.art\/index.php?rest_route=\/wp\/v2\/ux-portfolio"}],"about":[{"href":"https:\/\/petercvik.art\/index.php?rest_route=\/wp\/v2\/types\/ux-portfolio"}],"author":[{"embeddable":true,"href":"https:\/\/petercvik.art\/index.php?rest_route=\/wp\/v2\/users\/1"}],"replies":[{"embeddable":true,"href":"https:\/\/petercvik.art\/index.php?rest_route=%2Fwp%2Fv2%2Fcomments&post=1128"}],"wp:featuredmedia":[{"embeddable":true,"href":"https:\/\/petercvik.art\/index.php?rest_route=\/wp\/v2\/media\/1134"}],"wp:attachment":[{"href":"https:\/\/petercvik.art\/index.php?rest_route=%2Fwp%2Fv2%2Fmedia&parent=1128"}],"wp:term":[{"taxonomy":"ux-portfolio-cat","embeddable":true,"href":"https:\/\/petercvik.art\/index.php?rest_route=%2Fwp%2Fv2%2Fux-portfolio-cat&post=1128"},{"taxonomy":"ux-portfolio-tag","embeddable":true,"href":"https:\/\/petercvik.art\/index.php?rest_route=%2Fwp%2Fv2%2Fux-portfolio-tag&post=1128"}],"curies":[{"name":"wp","href":"https:\/\/api.w.org\/{rel}","templated":true}]}}

<div class="bm-builder clearfix "><div id="" class="module col-9 module-id-1753709169330 module-animation" data-module-col="9"><div class="module-inside text-inside" style="--top-mod: 140px;--bottom-mod: 0px;--top-mod-t: 140px;--bottom-mod-t: 0px;--top-mod-m:90px;--bottom-mod-m:0px;" ><div class="text_block_out" data-animation="fadein" data-effect="standard" style=""><div class="text_block ux-mod-nobg"><div class="text_block_inn"><div id="text-1753709169330" class="text_block_centered text_block_centered_enable_width"  style=""><div>
<div id="m_-8602795665787189881gmail-">
<div>
<div>
<div>
<div>
<div id="m_-8602795665787189881gmail-text-1728908553528">
<p>Solo exhibition in Steinhauser Gallery.</p>
</div>
</div>
</div>
</div>
</div>
</div>
</div></div></div></div></div></div></div><div id="" class="module col-12 module-id-1753709169405" data-module-col="12"><div class="module-inside text-inside" style="--top-mod: 0px;--bottom-mod: 20px;--top-mod-t: 0px;--bottom-mod-t: 20px;--top-mod-m:0px;--bottom-mod-m:20px;" ><div class="text_block_out"  data-effect="standard" style=""><div class="text_block ux-mod-nobg"><div class="text_block_inn"><div id="text-1753709169405" class="text_block_centered text_block_centered_enable_width"  style=""><h1><span style="font-size: 36px;">„Architecture of knowledge“</span></h1></div></div></div></div></div></div><div id="" class="module col-11 module-id-1753709169485 module-animation" data-module-col="11"><div class="module-inside text-inside" style="--top-mod: 20px;--bottom-mod: 0px;--top-mod-t: 20px;--bottom-mod-t: 0px;--top-mod-m:20px;--bottom-mod-m:0px;" ><div class="text_block_out" data-animation="fadein" data-effect="standard" style=""><div class="text_block ux-mod-nobg"><div class="text_block_inn"><div id="text-1753709169485" class="text_block_centered text_block_centered_enable_width"  style=""><p style="padding: 0px; line-height: 1.4;">Venue: Steinhauser Gallery, Bratislava, Slovakia<br>Organiser: Steinhauser Gallery<br>Curator: Ján Kudrna<br>Duration: 7.2.2025 – 29.3.2025</p></div></div></div></div></div></div><div id="" class="module col-12 module-id-1753709169560" data-module-col="12"><div class="module-inside text-inside" style="--top-mod: 0px;--bottom-mod: 0px;--top-mod-t: 0px;--bottom-mod-t: 0px;--top-mod-m:0px;--bottom-mod-m:0px;" ><div class="text_block_out"  data-effect="standard" style=""><div class="text_block ux-mod-nobg"><div class="text_block_inn"><div id="text-1753709169560" class="text_block_centered text_block_centered_enable_width"  style=""><p><span style="font-size: 16px;">Image Copyright: Adam Šakový</span></p></div></div></div></div></div></div></div>

<!-- This site is optimized with the Yoast SEO plugin v27.5 - https://yoast.com/product/yoast-seo-wordpress/ -->
<title>&quot;Architecture of Knowledge&quot; - petercvik.art</title>
<meta name="robots" content="index, follow, max-snippet:-1, max-image-preview:large, max-video-preview:-1" />
<link rel="canonical" href="https://petercvik.art/?ux-portfolio=architecture-of-knowledge" />
<meta property="og:locale" content="sk_SK" />
<meta property="og:type" content="article" />
<meta property="og:title" content="&quot;Architecture of Knowledge&quot; - petercvik.art" />
<meta property="og:description" content="Solo exhibition in Steinhauser Gallery. „Architecture of knowledge“Venue: Steinhauser Gallery, &hellip;" />
<meta property="og:url" content="https://petercvik.art/?ux-portfolio=architecture-of-knowledge" />
<meta property="og:site_name" content="petercvik.art" />
<meta property="article:modified_time" content="2025-07-29T08:21:01+00:00" />
<meta property="og:image" content="https://petercvik.art/wp-content/uploads/2025/07/DSC7994w.jpg" />
	<meta property="og:image:width" content="2477" />
	<meta property="og:image:height" content="1651" />
	<meta property="og:image:type" content="image/jpeg" />
<meta name="twitter:card" content="summary_large_image" />
<meta name="twitter:label1" content="Predpokladaný čas čítania" />
	<meta name="twitter:data1" content="1 minúta" />
<script type="application/ld+json" class="yoast-schema-graph">{"@context":"https:\/\/schema.org","@graph":[{"@type":"WebPage","@id":"https:\/\/petercvik.art\/?ux-portfolio=architecture-of-knowledge","url":"https:\/\/petercvik.art\/?ux-portfolio=architecture-of-knowledge","name":"\"Architecture of Knowledge\" - petercvik.art","isPartOf":{"@id":"https:\/\/petercvik.art\/#website"},"primaryImageOfPage":{"@id":"https:\/\/petercvik.art\/?ux-portfolio=architecture-of-knowledge#primaryimage"},"image":{"@id":"https:\/\/petercvik.art\/?ux-portfolio=architecture-of-knowledge#primaryimage"},"thumbnailUrl":"https:\/\/petercvik.art\/wp-content\/uploads\/2025\/07\/DSC7994w.jpg","datePublished":"2025-07-28T13:22:05+00:00","dateModified":"2025-07-29T08:21:01+00:00","breadcrumb":{"@id":"https:\/\/petercvik.art\/?ux-portfolio=architecture-of-knowledge#breadcrumb"},"inLanguage":"sk-SK","potentialAction":[{"@type":"ReadAction","target":["https:\/\/petercvik.art\/?ux-portfolio=architecture-of-knowledge"]}]},{"@type":"ImageObject","inLanguage":"sk-SK","@id":"https:\/\/petercvik.art\/?ux-portfolio=architecture-of-knowledge#primaryimage","url":"https:\/\/petercvik.art\/wp-content\/uploads\/2025\/07\/DSC7994w.jpg","contentUrl":"https:\/\/petercvik.art\/wp-content\/uploads\/2025\/07\/DSC7994w.jpg","width":2477,"height":1651},{"@type":"BreadcrumbList","@id":"https:\/\/petercvik.art\/?ux-portfolio=architecture-of-knowledge#breadcrumb","itemListElement":[{"@type":"ListItem","position":1,"name":"Home","item":"https:\/\/petercvik.art\/"},{"@type":"ListItem","position":2,"name":"Portfolio","item":"https:\/\/petercvik.art\/?post_type=ux-portfolio"},{"@type":"ListItem","position":3,"name":"&#8222;Architecture of Knowledge&#8220;"}]},{"@type":"WebSite","@id":"https:\/\/petercvik.art\/#website","url":"https:\/\/petercvik.art\/","name":"petercvik.art","description":"My aim is to evoke feelings and interpretations of your own experiences.","potentialAction":[{"@type":"SearchAction","target":{"@type":"EntryPoint","urlTemplate":"https:\/\/petercvik.art\/?s={search_term_string}"},"query-input":{"@type":"PropertyValueSpecification","valueRequired":true,"valueName":"search_term_string"}}],"inLanguage":"sk-SK"}]}</script>
<!-- / Yoast SEO plugin. -->

1 minúta
